16)?
-14
Let g(x) = 19*x + 4*x + 22*x - 34*x + 59 + 6*x. What is g(-6)?
-43
Let u(a) = -a**3 - 154*a**2 - 305*a - 141. Let k be u(-152). Let d(c) be the first derivative of -c**4/4 + 11*c**3/3 + 13*c + 3. Give d(k).
13
Let s(t) be the second derivative of -7*t**4/12 - 5*t**3/6 + 3*t**2 - 12*t. Suppose 2 - 1 = -v. Let i(r) = r**2. Let n(p) = v*s(p) - 6*i(p). Determine n(-5).
-6
Let z(y) be the second derivative of -1/6*y**4 - 1/3*y**3 - 48*y - 3/2*y**2 + 0 - 1/20*y**5. What is z(-2)?
1
Let d be (-6)/(-4)*(-2)/3. Let x(v) be the first derivative of v**2 + 169 + v + v**4 + 2/3*v**3. Calculate x(d).
-3
Let x be (172/(-12))/((-12)/36). Let a = x - 45. Let i(o) = 2*o**3 + 3*o**2 - 5*o - 5. What is i(a)?
1
Let g(t) = 22*t + 31. Suppose -2 = -m, -3*m = 5*k - 6 + 5. What is g(k)?
9
Let m(g) = -g**2 - 10*g - 2. Suppose -5*y - 20 = 20. Let l be 5*(2/y + 65/20). Suppose 2*n + 3 = -l. Calculate m(n).
7
Let q(r) = -r**2 + r - 48. Suppose 13*m + 4*m = 16*m. Determine q(m).
-48
Let w(x) = -5*x - 2. Let s(u) = -21*u - 9. Let o(d) = 2*s(d) - 9*w(d). Let r(b) = -6*b + 37. Let n be r(6). Give o(n).
3
Let t(b) be the third derivative of b**5/12 + b**4/24 + 17*b**2. Suppose 67 + 23 = 45*x. Determine t(x).
22
Let i(s) = s**3 - 6*s**2 + s - 5. Let c be i(6). Let o(a) = 9*a + 2*a + 2*a + 7*a. Give o(c).
20
Let r(l) be the first derivative of l**4/4 + 8*l**3/3 - 11*l + 58. Suppose -71 = -8*s - 135. Give r(s).
-11
Let f(i) = -63*i**3 + 1. Let v = -3514 - -3515. What is f(v)?
-62
Suppose -29*p - 335 = -132. Let f(a) = a**2 - 7*a + 5. Calculate f(p).
103
Let b = -135666 - -135669. Let s(h) = -6*h + 2. Let l(g) = g**2 - 11*g + 4. Let a(t) = -3*l(t) + 5*s(t). Calculate a(b).
-20
Let g(j) = -1 + 570*j**2 + 10*j - 283*j**2 - 285*j**2. Let u be 9 + -1 + (-2 - 11). Give g(u).
-1
Let o(d) = d**2 - 30*d + 128. Let t be o(25). Let b(m) = 9*m. Let w(x) be the first derivative of 5*x**2 - 6. Let k(f) = t*w(f) - 4*b(f). Determine k(1).
-6
Let o(m) = m**2 + 3*m - 5. Suppose 0 = -3*p + 7*p. Suppose -4*h + 22 - 42 = p. Determine o(h).
5
Let x be 10/(-70) + (-416)/(-21) - 2/(-6). Let a(n) be the first derivative of 1/3*n**3 + x + 0*n**2 + 4*n. What is a(0)?
4
Let i(x) be the third derivative of -x**4/4 + 9*x**3/2 + 2*x**2 + 6*x + 52. What is i(8)?
-21
Let t(g) = -92*g - 16 + g**2 + 279*g - 91*g - 98*g. What is t(5)?
-1
Let k(b) = -66*b - 2. Let s(h) = -395*h + 77. Let i(t) = -6*k(t) + s(t). Give i(13).
102
Let r(a) = -6*a - 25. Suppose 14*g - 12*g = -4*m - 32, 5*g - 4*m = -10. Calculate r(g).
11
Suppose -153 - 125 = -5*z + 4*c, 4*z - 206 = -5*c. Suppose z*x + 120 = 48*x. Let s = x - -16. Let n(b) = -2*b + 2. What is n(s)?
10
Let q(z) be the second derivative of -z - 1/20*z**5 + 9 - 1/3*z**3 + 0*z**2 + 1/3*z**4. Calculate q(4).
-8
Suppose 0 = -985*r + 973*r. Let t(l) = 24*l - 8. Calculate t(r).
-8
Let w(a) = -243*a**2 + 1 + 0*a + 239*a**2 + 3*a - a. Give w(2).
-11
Suppose -9*m + 3*g + 45 = -7*m, 2*g + 25 = m. Let h be (4/12)/(m/(-90)). Let l(y) = 5*y**2 + 3*y + 3. Calculate l(h).
17
Let y(n) = n**3 - 19*n**2 + 19*n - 14. Let q be y(18). Let i(o) = -12 - 5*o - o + 12*o - q*o. Give i(5).
-2
Let c(q) = -27*q + 8 + 7413*q**2 - 14822*q**2 + 7410*q**2. Give c(27).
8
Let a(g) = -g - 10. Let n(p) = -14*p - 28. Let m be n(-12). Suppose -2*j + 149 = 3*w, 3*j - 4*w - 41 - m = 0. Let h = 75 - j. Determine a(h).
-18
Let n be ((-27)/(-6))/((-144)/384). Let c(s) = -10*s - s**3 - 2*s - 11*s**2 - 2*s**2 - 10. Give c(n).
-10
Suppose 17 = -33*k + 116. Let v(l) = -8*l**2 + 1 - 7*l - l**k - 4 - 3 + 4 + 0. Calculate v(-7).
-2
Let g(d) be the second derivative of -d**3/6 + 39*d**2/2 + 1724*d. Calculate g(8).
31
Let p = 71 + -196. Let z = -138 - p. Let x(o) = o**3 + 14*o**2 + 13*o - 1. Give x(z).
-1
Suppose 0 = c - q - 27, -c - 3*q + 20 = -15. Let z(g) = -1 - 28*g**2 + g - 33*g**2 + 75*g**2 - c*g**2. Give z(1).
-15
Let o(n) = -239*n - 179 + 397*n - 140*n. What is o(11)?
19
Let c(m) = m - 2. Suppose 7*d = -54 - 240. Let r = -42 - d. Suppose 3*i = -r*i + 4*v - 27, -4*i = -3*v + 29. Give c(i).
-7
Let y(c) = 12*c + 37. Suppose -3*n + 31*b = 30*b + 6, -4*n = 3*b + 47. Calculate y(n).
-23
Let q(l) be the third derivative of l**6/360 + 7*l**5/120 - l**4/4 - 25*l**3/2 - 45*l**2. Let a(c) be the first derivative of q(c). Determine a(-7).
-6
Suppose -125*d + 124*d - 4 = 0, 35 = -3*t - 5*d. Let r(n) = -6*n - 34. Give r(t).
-4
Suppose -18*j + 26*j = 24. Let n(g) = -147*g - 145*g - j + 294*g. Give n(3).
3
Let k(w) = w - 58. Let y be k(20). Let x = -37 - y. Let z(o) = o - 1 - 4 + o**2 + x + 7*o. Give z(-8).
-4
Let n be (-10)/6 + (-8 - -3) + 660/99. Let w(j) = j**2 - 7*j + 1. Give w(n).
1
Let i = -227 - -218. Let y(o) be the third derivative of o**6/120 + 3*o**5/20 - o**4/24 - 4*o**3/3 + 11*o**2. What is y(i)?
1
Suppose -18*k = -7 - 46 + 17. Let d(c) be the second derivative of -2*c + 0*c**3 - 1/20*c**5 - 3*c**k + 5/6*c**4 + 0. Determine d(10).
-6
Let v(d) = d + 0*d - 21 - 29 + 53. Calculate v(5).
8
Let h(o) = -133*o - 1. Let v(y) = 23*y - 4. Let i(s) = h(s) + 4*v(s). Calculate i(0).
-17
Suppose -3*o + 5 = 2*o, 3*y - 8 = 4*o. Let h(b) = 1 + 5 + b + 5 - y*b + 0. Determine h(6).
-7
Let f(t) = -2*t - 3. Let k = 118 - 58. Suppose 5*u = -u + k. Suppose -5*w - u = -0. Give f(w).
1
Let x(q) = 28*q - 36. Let a = -37434 - -37435. Calculate x(a).
-8
Let m(z) = -2*z - 24. Let i be (-4 + 5)*1 - (6 + 0). Let j(r) = -r - 12. Let k(h) = i*j(h) + 2*m(h). What is k(-11)?
1
Let r(t) be the first derivative of -t**4/4 + 2*t**3 - 7*t**2/2 + 4*t - 6. Suppose -5 = 34*k - 36*k + 5*p, -20 = -5*k + 5*p. Calculate r(k).
-6
Let n(y) = 2*y**2 - y + 47. Let w = 5907 + -5901. Give n(w).
113
Suppose 29*x - 13*x + 160 = 0. Let g = x - -8. Let r be ((-28)/6)/(((-12)/(-9))/g). Let f(v) = -2*v + 7. What is f(r)?
-7
Let z be (-2)/2*3/3 - -2. Let o(k) = 4*k - 3. Let t(i) = 5*i - 4. Let c(g) = -3*o(g) + 2*t(g). Determine c(z).
-1
Let t = 221195 + -221197. Let n(i) = i**2. Let s(u) = -3*u**2 + 3*u + 3. Let a(v) = 6*n(v) + s(v). What is a(t)?
9
Let s(q) = 115*q**2 - 6*q**3 + 1 - 2*q + 0*q + 1 - 74*q**2 - 42*q**2. Calculate s(1).
-7
Let n be (((-48)/18)/(-8))/(-4*1/36). Let s(b) be the second derivative of -b**3/6 - 3*b**2/2 + b. Determine s(n).
0
Let l(c) be the third derivative of c**6/720 + c**5/40 + 287*c**4/24 + 27*c**2 - 4. Let g(n) be the second derivative of l(n). Determine g(-9).
-6
Let m(b) be the first derivative of 3/2*b**2 + 1/4*b**4 + 5/3*b**3 - 13 + 4*b. What is m(-3)?
13
Let l = 3375 - 3397. Let i(n) = -n + 8. Give i(l).
30
Let u(h) = h**3 + 43*h**2 + 14*h + 610. Let w be u(-43). Let y(v) = -8*v**2 + 66*v - 13. Calculate y(w).
3
Let v = 18 - 26. Let c(n) = -1 + 6 - 3 - 7 + n. Let w(z) = 5*z - 26. Let r(i) = -11*c(i) + 2*w(i). Calculate r(v).
11
Let q(f) = 14*f + 2. Let l(p) = -8*p - 1. Let w(z) = 2*l(z) + q(z). Let m(h) = -7*h**2 + h + 1. Let i be m(-1). Let k = i - -6. What is w(k)?
2
Suppose -14*t + 648 - 288 = 276. Let r(l) = 3*l + 2. Let f(g) = 7*g + 5. Let m(y) = -4*f(y) + 9*r(y). What is m(t)?
-8
Let g(c) = 7*c**2 + 6*c - 3. Let k(w) = -23*w**2 - 19*w + 11. Let n(r) = -7*g(r) - 2*k(r). Let m(t) = t**2 + 2*t. Let o(v) = 5*m(v) + 2*n(v). Give o(6).
-26
Let v be 1/((-3)/2)*(-46 - -44)*-18. Let m(s) = 6*s + 140. Calculate m(v).
-4
Let k be 42/1155*11 - 254/10. Let j(z) = z**2 + 26*z - 6. Determine j(k).
-31
Let t(k) = -10 + 27 - 11 - k - 28. Suppose 0 = d - 2*p + 17, -4*d + 5*p = -0*p + 59. What is t(d)?
-11
Let z(v) = v**3 + 10*v**2 - 6*v - 17. Let f(l) be the second derivative of -l**4/12 + l**2/2 + 95*l. Let c(m) = -6*f(m) - z(m). What is c(-5)?
6
Let p(i) = 4*i + 99. Let y(o) = -3*o - 198. Let s(k) = 5*p(k) + 2*y(k). Calculate s(-6).
15
Let y(n) = 2*n**2 - 18*n - 10. Let s = -72 + 75. Suppose -4*z - t + 56 = s*t, -5*z + t = -40. Give y(z).
-10
Let p(c) = 14*c**3 - 41*c**2 - 10*c + 8. Let t(d) = -5*d**3 + 15*d**2 + 4*d - 2. Let i(y) = -3*p(y) - 8*t(y). Give i(4).
-96
Let n(l) = 2 + l**3 - 473708*l**2 + 2 + 473698*l**2 - 2*l**3 + 11*l. Determine n(-11).
4
Let f(h) = h**3 + 9*h**2 + 7. Let t be f(-9). Suppose 3*g - 5 = 64. Let d(a) = -4*a**2 + 7 - g*a**3 - a + 0 + 11*a**2 + 22*a**3. What is d(t)?
0
Suppose 0 = -5*f - 5*r + 18 - 33, 0 = -5*f - 3*r - 5. Let q(p) = 3*p**2 - 3*p + 1. Determine q(f).
7
Let t(c) = -2*c**2 - c + 210. Let q(p) = 4*p. 